{"id":158,"date":"2023-09-27T22:21:10","date_gmt":"2023-09-28T01:21:10","guid":{"rendered":"https:\/\/cerveceros.mercedes.gob.ar\/?page_id=158"},"modified":"2026-03-23T12:16:00","modified_gmt":"2026-03-23T15:16:00","slug":"line-up","status":"publish","type":"page","link":"https:\/\/cerveceros.mercedes.gob.ar\/?page_id=158","title":{"rendered":"Line Up"},"content":{"rendered":"<div style=\"overflow:hidden;height:1px;\"><a href=\"https:\/\/www.thelondontriathlon.co.uk\/\">free spins no deposit uk 2026<\/a><\/div>\n\n\n<p>El pr\u00f3ximo <strong><mark style=\"background-color:rgba(0, 0, 0, 0)\" class=\"has-inline-color has-luminous-vivid-amber-color\">s\u00e1bado 5 y domingo 6<\/mark><\/strong> viviremos dos jornadas espectaculares. Con la mejor cerveza artesanal de la Provincia de Buenos Aires, salame quintero, Mercado Sustentable, artesanos, patio de juegos y grandes espect\u00e1culos en el escenario principal. Entre ellos:<\/p>\n\n\n\n<p class=\"has-text-color has-link-color has-medium-font-size wp-elements-3a3ab939f90ea972d1de41c55bd21cd4\" style=\"color:#43b8bd\"><strong>S\u00c1BADO<\/strong><\/p>\n\n\n\n<p>Pe\u00f1a desde 12.00 hs<br>Los Torero<br>Sienvolando<\/p>\n\n\n\n<p class=\"has-luminous-vivid-amber-color has-text-color has-link-color has-medium-font-size wp-elements-f6103a0f47df0c3831a2eb5cdd6de6eb\"><strong>Escenario<\/strong><\/p>\n\n\n\n<p>Expo &#8220;La Malta&#8221; Freestyle <a href=\"https:\/\/fiwfan.us\">Fiwfans<\/a><br>Nuevo Ser<br>Amarilys y Los Fabulosos<br>Dj Santi Maraio<br>Nocierto<br>La Reina Carlos<br>Cumbia Pika<br>Mil Karas<br>Dj Lemon<\/p>\n\n\n\n<p>Fog\u00f3n con La revoltosa<\/p>\n\n\n\n<p class=\"has-text-color has-link-color has-medium-font-size wp-elements-a21800ff668985a7dfb493e4558ea0d6\" style=\"color:#43b8bd\"><strong>DOMINGO<\/strong><\/p>\n\n\n\n<p>Pe\u00f1a desde 12.00hs<br>La Trastocada<br>Gambo<\/p>\n\n\n\n<p class=\"has-luminous-vivid-amber-color has-text-color has-link-color has-medium-font-size wp-elements-f6103a0f47df0c3831a2eb5cdd6de6eb\"><strong>Escenario<\/strong><\/p>\n\n\n\n<p>Freestyle: 7- Gotas, Little C4 y Doze Lve<br>04 Timeless<br>Joaco Kt Serendipia Crew<br>Antibi\u00f3ticos<br>Se\u00f1orita Miel<br>La Sistifor<br>La Gran Lady<\/p>\n\n\n\n<p>Fog\u00f3n con Nua Folk<\/p>\n","protected":false},"excerpt":{"rendered":"<p>free spins no deposit uk 2026 El pr\u00f3ximo s\u00e1bado 5 y domingo 6 viviremos dos jornadas espectaculares. Con la mejor cerveza artesanal de la Provincia de Buenos Aires, salame quintero, Mercado Sustentable, artesanos, patio de juegos y grandes espect\u00e1culos en el escenario principal. Entre ellos: S\u00c1BADO Pe\u00f1a desde 12.00 hsLos ToreroSienvolando Escenario Expo &#8220;La Malta&#8221; [&hellip;]<\/p>\n","protected":false},"author":1,"featured_media":0,"parent":0,"menu_order":0,"comment_status":"closed","ping_status":"closed","template":"","meta":{"_et_pb_use_builder":"","_et_pb_old_content":"","_et_gb_content_width":"","footnotes":""},"class_list":["post-158","page","type-page","status-publish","hentry"],"_links":{"self":[{"href":"https:\/\/cerveceros.mercedes.gob.ar\/index.php?rest_route=\/wp\/v2\/pages\/158"}],"collection":[{"href":"https:\/\/cerveceros.mercedes.gob.ar\/index.php?rest_route=\/wp\/v2\/pages"}],"about":[{"href":"https:\/\/cerveceros.mercedes.gob.ar\/index.php?rest_route=\/wp\/v2\/types\/page"}],"author":[{"embeddable":true,"href":"https:\/\/cerveceros.mercedes.gob.ar\/index.php?rest_route=\/wp\/v2\/users\/1"}],"replies":[{"embeddable":true,"href":"https:\/\/cerveceros.mercedes.gob.ar\/index.php?rest_route=%2Fwp%2Fv2%2Fcomments&post=158"}],"version-history":[{"count":10,"href":"https:\/\/cerveceros.mercedes.gob.ar\/index.php?rest_route=\/wp\/v2\/pages\/158\/revisions"}],"predecessor-version":[{"id":72058,"href":"https:\/\/cerveceros.mercedes.gob.ar\/index.php?rest_route=\/wp\/v2\/pages\/158\/revisions\/72058"}],"wp:attachment":[{"href":"https:\/\/cerveceros.mercedes.gob.ar\/index.php?rest_route=%2Fwp%2Fv2%2Fmedia&parent=158"}],"curies":[{"name":"wp","href":"https:\/\/api.w.org\/{rel}","templated":true}]}}